*g - 2 + 0 = 0, -4*g + 4 = q. Suppose -9 = 5*n - q*n - t, n - 7 = -2*t. Let u = 6 - n. What are the prime factors of u?
7
Suppose 0*p = -p - 19. Let t = -1 - p. What are the prime factors of t?
2, 3
Suppose -2*q - 4 = -z, -z - 3*q + 27 = 3*z. Let a be -2 + (-3)/((-3)/28). Suppose 5*u + 5*b = -z + a, -5*b = -2*u + 36. List the prime factors of u.
2
Let w be (4 + 108)/(-1 + 2). Suppose -4*j + 24 = 4*c - 64, -w = -5*j - 4*c. Suppose -b + j = b. List the prime factors of b.
2, 3
Suppose -19*p + 22*p - 48 = 0. What are the prime factors of p?
2
Let s = -156 - -268. What are the prime factors of s?
2, 7
Let z be 5/3 - (-2)/6. Let x = 2 - z. Suppose x = -5*d - 2*b + 45, b + 9 = -2*d + 4*d. What are the prime factors of d?
7
Let v(g) = g - 5. Let j be v(9). Suppose -28 = -j*o + 116. List the prime factors of o.
2, 3
Let a(w) = -2*w - 1. Let x be a(2). Let n = x - -7. Suppose 5*j + 31 - 9 = n*k, -k + 2*j = -11. List the prime factors of k.
11
Suppose -3*q + 3*s = -87, -4*q - s = -73 - 18. What are the prime factors of q?
2, 3
Suppose 0 = y - 36 - 0. List the prime factors of y.
2, 3
Let i(d) be the second derivative of d**4/12 + d**3/3 - d**2/2 - d. Suppose c + 0*x - x = 1, -3*c + 2 = -4*x. List the prime factors of i(c).
7
Let x(i) = 2*i - 4. Let c be (3 - (-4 - -3)) + -1. Let a be x(c). What are the prime factors of a*(-1 + 34/4)?
3, 5
Let v(w) be the third derivative of w**4/24 - w**3/6 - 2*w**2. Let z(j) = -3*j + 2. Let d(a) = -4*v(a) - z(a). What are the prime factors of d(-10)?
2, 3
Suppose 0*g = 4*g - 28. Let f = -4 + g. What are the prime factors of f?
3
Let b = 0 - -7. Let n(c) = 2*c - 9. What are the prime factors of n(b)?
5
Suppose 0 = c + h - 5*h + 18, 0 = 4*h - 12. Let a = -4 - c. Suppose 4*p = m + 64, 0*m = -3*p - a*m + 59. List the prime factors of p.
17
What are the prime factors of -4 - (-1 + 89)/(-2)?
2, 5
Let a(n) = 2*n**3 - 2*n**2 + 12*n - 9. What are the prime factors of a(4)?
3, 5
Let b = -1 - 1. Let d = 0 - b. List the prime factors of d.
2
Suppose -11*c + 13*c - 70 = 0. What are the prime factors of c?
5, 7
Suppose 2*j = -5*c, 18 = 4*c + j - 3*j. Suppose s - 3*r = c*r - 27, -s = 4*r. Let f = s + 19. List the prime factors of f.
7
Suppose -3*f + 2*a = -151, -f + 5*a - 2*a = -48. List the prime factors of f.
3, 17
Suppose 7 = a + 3*o, -2*a + 9 = 2*o - o. What are the prime factors of a?
2
Suppose -4*p + 3*k + 192 = k, 239 = 5*p - 3*k. List the prime factors of p.
7
Let i = 5 + -4. Let p(c) = c + 2. Let g be p(0). What are the prime factors of 7 - (g + i + -2)?
2, 3
Suppose 3*w = 141 - 6. What are the prime factors of w?
3, 5
Let k be (2 - (-2)/(-1)) + 0. Suppose 0 = -k*p - 4*p + 32. What are the prime factors of p?
2
Suppose 0 = m - 10*m + 459. List the prime factors of m.
3, 17
List the prime factors of 2 - ((-76)/1 - 2).
2, 5
Let f be 3*-1*8/(-12). Suppose y - 14 = -f*i + 3*y, 5*y - 1 = i. List the prime factors of i.
3
Suppose r = -2 + 4. Let x(p) = -8 + p + p - r - 4*p. What are the prime factors of x(-10)?
2, 5
List the prime factors of (-35)/14*6/(-5).
3
Suppose -s - 2*l - 8 = 0, -l - 4 = -4*s - 0*l. Suppose -4*t + 84 = 2*h, 4*t = -5*h - s*t + 222. List the prime factors of h.
2, 23
Let u(z) be the first derivative of z**3/3 - z**2/2 + z - 2. Suppose 5*m = -2*w, -w + 0 = -5. What are the prime factors of u(m)?
7
Let q = -24 - -12. Let w be (-2 + 1)/((-2)/q). Let j(s) = -2*s - 9. What are the prime factors of j(w)?
3
Suppose 5*x - 2*l = 32 - 4, 3*x - 4*l = 28. List the prime factors of 12/(-15)*(-10)/x.
2
Suppose -3*u = 4*b + 2, 2*b + 8 = -2*b. Suppose -2*o - u = -0*o. List the prime factors of (-18)/(-2) - (o + 1).
3
Suppose 5*w = -36 - 4. Let m = -6 - w. What are the prime factors of m?
2
Let v = -1 - -5. Let p = 5 - v. Suppose f - 13 = -p. List the prime factors of f.
2, 3
Suppose 13*g - 2445 = -651. List the prime factors of g.
2, 3, 23
Suppose 1 + 33 = r. What are the prime factors of r?
2, 17
Let f = 770 - 348. List the prime factors of f.
2, 211
Let o(m) = 15*m**2 - 9*m + 17. What are the prime factors of o(4)?
13, 17
Let k = -10 + -1. Let n = k + 16. List the prime factors of n.
5
Suppose -4*j + 5*z = -28, -5*z - 14 = -5*j - 4*z. Suppose 13 = -l + j*l. List the prime factors of l.
13
Suppose 0 = 4*y, -2*y + 0*y - 15 = -3*p. Suppose -3*a - p = 2*a. Let t = 18 - a. What are the prime factors of t?
19
Suppose 3*g + 24 = 3*m, -2*m + 4*g - 4 = -20. Let w = -5 + m. What are the prime factors of w?
3
Suppose 64 = 4*g - 2*y, -3*y - 2*y = -4*g + 52. Suppose 2*x + 4*m = g, -5*x + 4 = -4*m - 97. What are the prime factors of x?
17
What are the prime factors of 20/6*390/25?
2, 13
Let t = -14 - -6. Let w = t - -16. List the prime factors of w.
2
Let j(m) = 2*m**3 - 2*m - 5. Suppose 10 = 2*r + 4. List the prime factors of j(r).
43
Let x(a) be the third derivative of a**2 - 1/10*a**5 + 0*a + 1/120*a**6 + 1/3*a**3 + 0 + 1/4*a**4. What are the prime factors of x(5)?
7
Let o(r) = 38*r + 24. List the prime factors of o(9).
2, 3, 61
Let i(m) be the third derivative of m**7/315 - m**6/720 + m**5/120 + m**4/8 - m**2. Let a(y) be the second derivative of i(y). List the prime factors of a(1).
2
Suppose 25 = -5*o, -2*p - 502 = -4*p + 4*o. What are the prime factors of p?
241
Suppose 0 = m - 32 - 0. Suppose -2*j = 2*j - m. What are the prime factors of j?
2
Suppose 3*q = 5*b + 4*q - 70, -q = b - 10. What are the prime factors of b?
3, 5
Let h = -24 + 34. Let i be (-6)/(-15) + 56/h. What are the prime factors of i/1*4/4?
2, 3
Let y = -82 + 91. What are the prime factors of y?
3
Suppose -s = v - 4, -4*v - 5 = -2*s - 21. Suppose 0*g - 12 = v*g. What are the prime factors of (2/g)/(4/(-66))?
11
Suppose -2 = -2*m + 4, 4*f - 5 = m. Suppose 5*z - f*t = 61, 4*z - 5*t + 0 - 42 = 0. What are the prime factors of z?
13
Suppose -2*b + 4 = -b. Suppose 3*v - 4*v = -2*m + 58, 65 = 3*m + b*v. Suppose m = 3*i + 3*x, 7 = -3*i - 5*x + 38. List the prime factors of i.
7
Suppose 4*l - 6 = -4*s + 10, 3*s + 18 = 2*l. Suppose -16 = 2*h - l*h. Suppose -26 = -h*o - 2. List the prime factors of o.
2, 3
Let q(j) = 8*j**2 + 2*j + 1. What are the prime factors of q(-2)?
29
Suppose 0 = 5*m - 3*m + 88. Let z = m - -72. List the prime factors of z.
2, 7
Let h = 28 + -2. What are the prime factors of h?
2, 13
Let m(p) = -p**3 - p**2 - p + 4. Let q be m(0). What are the prime factors of (q/10)/((-1)/(-25))?
2, 5
Suppose 0 = -4*h - 4*l + 12, -2*h - h + 10 = 4*l. Suppose 0 = 7*o - h*o - 70. List the prime factors of o.
2, 7
Let r be (-40)/22 + (-22)/121. List the prime factors of (-17)/((-1 - r) + -2).
17
Let m(r) = -8*r - 11. Let v(l) = l + 1. Let b(t) = -m(t) + 2*v(t). Let y(h) = 5*h + 6. Let q(s) = -4*b(s) + 9*y(s). What are the prime factors of q(2)?
2, 3
Suppose 2*q = -2*s - 2*q + 66, -2*s = 5*q - 67. What are the prime factors of s?
31
Suppose 9 + 7 = -4*z. Let a = z + 13. What are the prime factors of a?
3
Let u be 7*-3 + 0 + -1. Let a be (-1)/(-3) - u/(-3). Let b = -4 - a. List the prime factors of b.
3
List the prime factors of (147/9)/(4/36).
3, 7
What are the prime factors of (-8)/36 + 2800/45?
2, 31
Let h be 0/(-1)*(0 - 1). Suppose -3*v + 15 + 9 = 3*m, h = 3*v + 2*m - 23. What are the prime factors of v?
7
Let w = 11 - 29. Let j = w + 28. What are the prime factors of j?
2, 5
Let m(y) = y**3 - 5*y**2 + 6*y + 1. List the prime factors of m(5).
31
Let z(v) = 236*v**3 + v**2 - 4*v + 3. What are the prime factors of z(1)?
2, 59
Let t(x) = x**2 + x - 2. Let d be t(3). Let m be (12/20)/(2/d). What are the prime factors of m/(-1)*8/(-6)?
2
Let k(c) = -c**3 + 4*c**2 - 2*c - 2. Let i be k(2). Suppose -3*p = -6*p + 78. Suppose 8 - p = -i*y. List the prime factors of y.
3
Let k = -11 + 17. Suppose -3*h - 2*h = 5*q + 10, -q - 2*h = k. What are the prime factors of q?
2
Suppose -5*v - 12 + 2 = 0, 0 = -3*n - 2*v + 536. List the prime factors of n.
2, 3, 5
Let w be (-12)/12 + (-13 - -1). Let b = 20 + w. List the prime factors of b.
7
List the prime factors of ((-8)/20)/(4/(-1810)).
181
Let g(o) = -17*o. What are the prime factors of g(-2)?
2, 17
Let f = 7 + -2. Suppose 4*g + 2*l = 71 - 15, f*g - 4*l = 57. What are the prime factors of g?
13
Suppose 6*b - 2*b = 8. Suppose -p + 15 = f, b*f + 0*f - 31 = -p. What are the prime factors of f?
2
Let n be (7 + -6)/((-2)/(-16)). Suppose